et o be (0 + 1)*30/2. What is the greatest common factor of o and y?
15
Let j(o) = -3*o**3 - o**2 + 7*o - 6. Let x be j(-3). Calculate the greatest common divisor of x and 15.
15
Suppose -11*f + 2 = -20. Suppose j - 5*q = 22, j + 7 - 17 = f*q. Calculate the greatest common factor of 10 and j.
2
Suppose x + 3 = 3*m, 12 = -4*x + 4*m - 0*m. Let q = 1 - x. Suppose -k - 3*n = -3*k + 13, q*n = -4. Calculate the highest common divisor of 1 and k.
1
Let a = 690 + -594. Calculate the highest common factor of a and 112.
16
Let q(r) = -r + 52. Let f be q(0). Let s(g) = -2*g + 17. Let h be s(-16). Let p = h + -36. What is the greatest common divisor of p and f?
13
Suppose -3*q - 4 = -67. Calculate the greatest common factor of 399 and q.
21
Suppose -5985 = -11*t + 35518. What is the highest common divisor of 77 and t?
77
Let r(n) = 25*n. Let i be r(1). Let o be ((-11)/(-3)*-4)/(2/15). Let f = 90 - o. Calculate the highest common factor of i and f.
25
Let c(a) = -a**3 + 9*a**2 + 4*a - 1. Let x be c(6). Let t = x + -115. Calculate the greatest common divisor of t and 4.
4
Let s(f) = -f**3 - 5*f**2 + 2*f - 9. Let h be s(-6). Suppose -h*j + 2170 = -8*j. What is the greatest common divisor of j and 62?
62
Suppose r + 13*r - 2548 = 0. What is the highest common factor of 14 and r?
14
Suppose -2*g - 5*n = -37, -n = -g + 27 - 12. What is the highest common divisor of g and 1?
1
Let f(q) = 2*q**3 - 25*q**2 + 20*q + 23. Let x be f(12). What is the highest common divisor of x and 7?
7
Suppose -3*t + 4*t - 188 = -4*i, t - 182 = -2*i. Calculate the highest common factor of t and 44.
44
Let w = 6 - 4. Suppose -w*m - 19 = -3*m - 4*b, 95 = 5*m + 2*b. What is the highest common divisor of m and 19?
19
Let r be -14*2/(-2) + 0. Let t(c) = c**2 - 35*c + 388. Let d be t(12). Calculate the highest common factor of d and r.
14
Let k = -9 + 9. Let c be k - -4 - (-11 + 7). Calculate the highest common divisor of 72 and c.
8
Let q be -24*(0 - 3/9). Suppose -q*h - 560 = -22*h. Calculate the highest common factor of h and 10.
10
Let y be ((-240)/(-420))/((-4)/(-42)). What is the highest common factor of y and 84?
6
Let p = -17 - -16. Let c = p + 20. Let f = 31 - c. What is the greatest common divisor of 96 and f?
12
Suppose 0 = -147*u + 146*u + 11. Calculate the highest common factor of 187 and u.
11
Let t = -25 - -33. Let o(k) = -k**3 + 9*k**2 + 2*k. Let n be o(t). Calculate the greatest common factor of n and 16.
16
Let g = 34 - 49. Let o = 45 + g. Suppose 0 = 21*q - 74 - 178. What is the greatest common divisor of q and o?
6
Suppose -19 = 6*m - 91. Let h be m + 2 + -3 + -1. Calculate the greatest common divisor of h and 2.
2
Suppose 4*j - 15*j + 352 = 0. Calculate the highest common divisor of j and 96.
32
Suppose -5*y - 106 = -546. Suppose 0 = 3*u - 2*x - y, -2*u + 64 = -0*u - 4*x. Calculate the greatest common divisor of 42 and u.
14
Let s be 4 + (-10)/20*-599*2. What is the greatest common divisor of 18 and s?
9
Let q = 8 - 3. Suppose 0 = -c - 5*k + 11, 4*c = -q*k - 4 + 63. Let h be 5/((-75)/(-246)) + (-2)/5. Calculate the greatest common factor of h and c.
16
Let b = 1199 + -660. What is the highest common divisor of 49 and b?
49
Let z(y) = 207*y**2 - 9*y + 5. Let t(j) = 69*j**2 - 3*j + 2. Let c(i) = -11*t(i) + 4*z(i). Let m be c(-1). Calculate the greatest common factor of 14 and m.
14
Let m = 16 + -14. Let a(s) = 4*s**3 - 4*s**2 + 4. Let u be a(m). Calculate the greatest common factor of 40 and u.
20
Let w(h) = -h**3 - 2*h**2 + h - 4. Let z be w(-4). Let i = -1275 + 1443. What is the highest common divisor of i and z?
24
Let t = 161 - 143. Suppose b = -1, 325 = 4*y - 3*b + 2*b. Calculate the highest common factor of t and y.
9
Let s be (-6307)/(-51) + 4/(-6). Calculate the greatest common factor of 656 and s.
41
Let v(o) = -o - 1099 + 1099 + 51*o**2. Let t be v(1). Suppose -f - 30 = -4*f. Calculate the highest common divisor of f and t.
10
Let c = 227 - -361. Calculate the greatest common factor of c and 12.
12
Let c(i) be the first derivative of 11*i**2 - 3*i + 2. Let j be c(3). Suppose -j = -z - 2*z. What is the greatest common divisor of z and 3?
3
Suppose 3520 = 25*d - 5*d. What is the greatest common divisor of d and 22?
22
Suppose -3*j - 2*j - 175 = 0. Let d be 14/j - 603/5. Let b = 196 + d. What is the greatest common factor of 30 and b?
15
Let f be 3/((0 - 3)/12). Let j = f + 20. Suppose 2*o + m = -m + 18, 3 = -3*o + 3*m. What is the highest common divisor of j and o?
4
Suppose -630*w + 633*w = -3*s + 39, -w = -2*s - 19. Suppose -2*q = -3*x - 36 + 107, 0 = -3*x - 5*q + 43. What is the highest common factor of w and x?
3
Suppose -270 - 666 = -8*l. Calculate the greatest common divisor of l and 91.
13
Suppose 116*q + 250 = 126*q. What is the highest common divisor of q and 775?
25
Let y(m) = -m**3 - m**2 - 2*m + 4. Let u = 17 - 21. Let f be y(u). What is the highest common factor of f and 20?
20
Let o = 27 - 5. Let y be 2 + o + 0/3. Let c = -2 + y. What is the highest common divisor of 242 and c?
22
Let s(x) = 4*x**3 - 6*x**2 + 9. Let n be s(3). Calculate the highest common divisor of 9 and n.
9
Let z(c) = c + 15. Let n be z(-7). What is the highest common factor of n and 200?
8
Suppose -22*i - 54*i = -608. What is the highest common divisor of i and 1792?
8
Suppose 0 = 13*y - 1793 + 649. What is the highest common factor of y and 33?
11
Let w be ((-15)/(-2))/(180/432). Calculate the highest common factor of w and 66.
6
Suppose 14 = 3*s - 10. Let i(d) = d**3 - 8*d**2 + d - 2. Let l be i(s). What is the highest common divisor of l and 42?
6
Suppose 16767 = -114*n + 538*n - 48105. Let c be ((35 - 1)/(-1))/(-2). What is the greatest common factor of c and n?
17
Let i be 2 - 2/(15/(-9) + 1). Suppose -i*m - 69 = -3*a, -m + 2*m = 3. What is the greatest common divisor of a and 70?
14
Suppose 4*p - 9968 = -4*u, -6*p - 7472 = -9*p + u. Calculate the highest common factor of p and 47.
47
Let o be 44 + 0 - ((-1 - 3) + 6). Suppose 0 = -f + 46 + o. Calculate the highest common divisor of f and 11.
11
Let d(z) = -182*z - 82. Let w be d(-3). Calculate the greatest common divisor of 16 and w.
16
Let m be ((-14)/8 + 1)*-4. Let v be (-75)/200 - 3/(-8). Suppose 4*i = q - 21, 111 = m*q - v*q + 4*i. Calculate the greatest common factor of q and 22.
11
Suppose 3*h - 588 = -t - 4*t, -h = -1. Suppose p + f + 0 = 57, f = -2*p + t. What is the greatest common divisor of 15 and p?
15
Suppose -1018 = -5*h + 3*l, -6*l - 602 = -3*h - 2*l. Let q = h - 140. Calculate the highest common factor of 88 and q.
22
Suppose 0 = -v + 57 + 54. Suppose -v = -0*l - 3*l. What is the greatest common factor of 37 and l?
37
Let x be (-42)/56 + 127/4. Calculate the greatest common factor of 248 and x.
31
Suppose 3*s - 2446 = x, 54*x - 3270 = -4*s + 51*x. Calculate the greatest common factor of 3 and s.
3
Let k(q) = -q**3 - 5*q**2 - q - 1. Let j be k(-5). Let u(s) = -4*s - 33. Let p be u(-15). Let b = p - j. Calculate the greatest common divisor of 115 and b.
23
Let v(o) be the second derivative of o**4/6 + o**3/3 + o**2 - 11*o. Suppose -d = -1 + 4. Let f be v(d). Calculate the greatest common divisor of f and 14.
14
Let v be ((-8)/(-6))/(11*11/72963). What is the highest common factor of v and 12?
12
Let d be 125*4/8 + 2/4. Let c = -6 + 13. Calculate the highest common divisor of d and c.
7
Suppose 2*l - 349 = -2*i - 3*l, 2*i - 394 = 4*l. Let z(n) = n**2 - 2*n + 2. Let v = -13 + 18. Let h be z(v). What is the greatest common divisor of i and h?
17
Let v = -825 + 1180. What is the greatest common divisor of v and 5?
5
Suppose 9 + 369 = 14*m. Calculate the highest common divisor of m and 63.
9
Suppose -3*t + n = -3*n - 4162, -5*n = 2*t - 2813. Calculate the greatest common factor of 164 and t.
82
Let c(l) = 10*l**2 + 35*l + 146. Let n be c(-5). Calculate the greatest common factor of 85 and n.
17
Suppose -4*i + 21 = -6*u + u, 0 = -i - 2*u - 11. Let p be (-5 - i - -2)*-4. Suppose 4*v - 183 = 73. Calculate the greatest common divisor of v and p.
8
Suppose 0 = -2*k + 6*q + 2*q + 52, 3*q = 2*k - 37. Suppose -70 = -3*i + i. Calculate the highest common factor of k and i.
7
Suppose -3*g = 2*f + 37, -2*f + 4*f = -5*g - 39. Let i = 25 + f. What is the greatest common factor of 56 and i?
8
Let d be (3 - 2)/(2/(-4)) + 7. 